ose 6 = c + 2*c. Let i(k) = -k + c*k + 0*k. What is i(-6)?
-6
Let u = -100 - -94. Let n(h) = -h**2 - 5*h + 6. Calculate n(u).
0
Let z be (6/9)/(4/30). Let d(i) = -3*i**3 - 5*i + 9. Let g(b) = -4*b**3 + b**2 - 5*b + 10. Let t(r) = -5*d(r) + 4*g(r). Give t(z).
-5
Let z(u) = 7*u**2 + 11*u - 9. Let j(k) = k - 9. Let a be j(10). Let r(p) = p**2 + p - 1. Let q(o) = a*z(o) - 6*r(o). Calculate q(-6).
3
Let l(t) = -7*t**2 - 4*t - 2. Let h be -5 - (-23)/5 - (-8)/(-5). Give l(h).
-22
Suppose -13*t = -10*t - 15. Let n(b) = -4*b**2 - 2*b + b**3 - 3*b + 0*b**2 - 2. Determine n(t).
-2
Let k be (3 + -5)/(4/18). Let m = k + 11. Let y(a) = 3*a**3 - 2*a**2 + 4*a - 1. Let g(s) = 4*s**3 - 3*s**2 + 5*s. Let b(h) = -2*g(h) + 3*y(h). Determine b(m).
9
Let a(d) = -2*d + 28 - 52 - 2*d**2 + 25. Give a(-3).
-11
Let u(y) be the first derivative of -y**3/3 + y**2/2 + 5*y + 7. Let r(t) = -t**3 + t**2 - t + 1. Let f be r(1). Calculate u(f).
5
Let p(m) be the first derivative of 4*m + 1/2*m**2 + 1. Suppose -h = 4*n + 25 - 4, 0 = -3*h - 3*n - 27. What is p(h)?
-1
Let b(i) = i**2 - 7 + 0*i**2 + i + 3*i. Let h be b(-6). Let g(r) = 11*r - 6 - 4*r**2 + 3*r**2 - 4*r. Determine g(h).
4
Let w(p) = 3*p. Let g(c) = c + 2. Let q be g(-4). Let h be q/(-2)*(-4 + 3). Calculate w(h).
-3
Let q(o) be the first derivative of -o**2/2 - 3*o + 8. Give q(-7).
4
Let i(m) be the first derivative of -m**3/3 - m**2/2 - 2*m + 8. Let w = -4 - -7. Suppose 0 = -6*l + w*l. Give i(l).
-2
Suppose 0 = -5*y - 0*y - 30. Let j(s) = -s**3 - 5*s**2 + 7*s + 5. Determine j(y).
-1
Let q(t) = t**3 - 3*t**2 + 2*t - 1. Let w(f) = f**3 - f**2. Let z(n) = q(n) - 3*w(n). Let l(a) = 6*a - 2*a - 3*a - 5. Let v be l(6). Give z(v).
-1
Let f(t) = -t**2 - t + 3. Let j be f(0). Let l(w) = w**j - 4 - 2*w**3 + w + 5. Let s = -5 - -4. What is l(s)?
1
Let i(x) = -x**3 - 5*x**2 - 7. Let c be i(-5). Let m(k) = k**2 + 7*k + 4. Let d be m(c). Let n(z) = 4*z + 2 - 2*z - 8. Calculate n(d).
2
Suppose 0 = -2*s + 13 - 3. Let j(n) = -4*n**2 + 4*n - 6. Let y(c) = -c**2 - c - 1. Let w(q) = j(q) - 3*y(q). What is w(s)?
7
Let v be 2/(-6)*(1 - 1). Suppose 2 = -o - v. Let a(b) = -b**3 + 3*b + 2. Determine a(o).
4
Let q(k) = -4*k**3 + k - 1. Let a(v) = v**2 - 5*v + 7. Let i be a(3). Calculate q(i).
-4
Suppose -4*c + 6 = -2. Let r(z) = z + 3 + 0*z + 1 - c*z. Calculate r(3).
1
Let w(s) be the second derivative of 7*s**5/20 + s**2/2 - 16*s. Calculate w(1).
8
Let q(h) = -h**3 - 5*h**2 - 5*h - 3. Let l(g) = g**2 + 7*g + 3. Let d be 0 + (9/(-3) - 3). Let m be l(d). What is q(m)?
-6
Let q be (-10)/4 + 1/(-2). Let a(w) = -w + 1638 - 1638. Determine a(q).
3
Let p(q) be the third derivative of -q**6/120 + q**5/60 + q**3/2 - 4*q**2. Give p(0).
3
Suppose 5*t - 4*q = 18, -5*q - 2 - 14 = -3*t. Let x(k) be the first derivative of 2*k**3/3 - 2*k - 2. What is x(t)?
6
Let x(u) be the second derivative of 7/2*u**2 - 1/20*u**5 + 5/12*u**4 + u + 0 - 1/2*u**3. Give x(5).
-8
Let w be (-32)/10 - (-2)/10. Let a(x) = -2*x**2 - x + 2. Determine a(w).
-13
Let u(a) = -a**3 - 7*a**2 - 5*a + 7. Let t be u(-6). Let q be t/(3 - (-42)/(-15)). Let y(n) = n**3 - 5*n**2 + n + 1. Determine y(q).
6
Let m(a) = 15*a + 33. Let r(k) = k + 2. Let d(q) = -2*m(q) + 33*r(q). Determine d(-2).
-6
Let m be -1*-1*(0 + -3). Let t(y) = y**3 + 4*y**2 + 2*y + 1. Calculate t(m).
4
Let a = -1 - -1. Let w(f) = f**2. Let p(u) = -4*u**2 - 3. Let s be (-1)/(-3) + (-14)/(-3). Let y(h) = s*w(h) + p(h). Determine y(a).
-3
Let b(k) = 3. Let j(d) = -d - 9. Let f(o) = -11*b(o) - 4*j(o). Let v = -23 + 14. Let n = v + 7. What is f(n)?
-5
Let b be -1 + (0 - -2) + 1. Suppose -5*s = -5*y - 0 - 5, -3*s + 15 = 3*y. Let g be s/6*6 - b. Let p(n) = 4*n + 1. What is p(g)?
5
Let z be (-9)/2*(-8)/6. Let l(f) be the third derivative of -f**6/120 + f**5/10 - f**4/12 + 5*f**3/6 - 11*f**2 - 14*f. Calculate l(z).
-7
Let m(d) = -2*d - 5. Let o be m(-4). Let i(s) = s - 1. Let h = -2 - -3. Let u(j) = j**2 - 6*j + 2. Let z(k) = h*u(k) + 6*i(k). Give z(o).
5
Let u(m) = m**2 - 6*m. Suppose 3*j = 3 + 3. Suppose -j*c = c + 15. Let h be (c/(-10))/((-1)/(-10)). Give u(h).
-5
Suppose -4*d = -y - 4 - 17, -3*y - 11 = d. Suppose -d*s + s = -9. Let t(l) = l**2 - 3*l + 4. Determine t(s).
4
Let z(n) = 7*n**2 + 1 - 8*n**2 - 5*n + 2*n**2. Suppose -q = 4*f - 58 + 6, -3*f = -q + 17. Suppose -5*y + q - 7 = 0. What is z(y)?
1
Let x(f) = -f**2 - 6*f - 6. Let j be x(-4). Let c(q) = 0*q - q - j*q - 5. Let u(n) = 2*n**2 - 10*n + 4. Let p be u(4). Determine c(p).
7
Let u(b) = b + 6. Suppose 4*r + 3*v + 9 = 2*r, 0 = r + 5*v + 22. Suppose -11 - 1 = 3*g, -3*g - 27 = r*y. Calculate u(y).
1
Suppose -5*h - 5 + 26 = 4*c, -h = -4*c - 9. Let a(w) = w**3 + w**2 - w. Let m(x) = -2*x**2 + 3*x - 1. Let u = -3 + 0. Let t(b) = u*a(b) - m(b). Calculate t(c).
3
Let f(k) = -4*k + 7 - 65*k**2 - 3*k + 66*k**2. Determine f(5).
-3
Let u(z) = z**2 - z - 1. Let a = 0 - 3. Let w be a/(-1 - (1 - 1)). Suppose -2*f - w*f = 5. Give u(f).
1
Let k = 17 - 21. Let x(h) = -h**3 - 5*h**2 - 3*h + 4. Determine x(k).
0
Let x(b) = -4*b**2 + b. Let w = -4 + 6. Calculate x(w).
-14
Let a be 3/((-3)/2*-1). Suppose -j - 5*d = -4, -a*j - 5*d + 3 = -0*j. Let c(k) = 3*k**3 + k**2 + 2*k + 1. Determine c(j).
-3
Let w(a) = -2*a + 1. Suppose -1 = 3*p - 4. Calculate w(p).
-1
Let u(x) = 2*x**2 + x. Let w = -84 + 82. Suppose 7*n - 2*n - 5*v + 5 = 0, 3*v + 12 = -2*n. Let z be w + 1/n*0. Determine u(z).
6
Let y be (-4 + 40/12)*-3. Let w(c) be the third derivative of 0 + 0*c - 2*c**y + 1/24*c**4 - 1/6*c**3 + 1/60*c**5. What is w(1)?
1
Let m(v) = 7*v**2 + v**3 - 12*v**2 + v**2 + v - 2. What is m(4)?
2
Let j(y) = -4*y - 3. Let f(r) = -17*r - 13. Let d(u) = -6*f(u) + 26*j(u). Suppose k + 0*k - 2 = 0. Suppose 2*g - 8 = -k*g. Determine d(g).
-4
Suppose 0 = 4*r - 0*r + 8. Let d(b) be the first derivative of 4*b**3/3 + b**2 - 2*b + 7. Determine d(r).
10
Let q(d) be the third derivative of d**6/24 - d**4/12 - d**3/6 + 13*d**2. Let p be 0/((3 + -1)/(-2)). Suppose p*o - 3 = 3*o. Give q(o).
-4
Let m(i) = -3*i - 8. Let t(j) = -j - 3. Let a(l) = -3*m(l) + 8*t(l). Give a(5).
5
Let u(z) = 30*z + 25. Let y(x) = -x - 1. Let g(k) = -u(k) - 25*y(k). Suppose 1 + 1 = 2*v. Let r be 5/(-4) + v/4. Calculate g(r).
5
Let q(j) = -j**3 + 10*j**2 - 9*j + 11. Suppose 12*b - 8 = 100. Determine q(b).
11
Let s(a) = -16*a**2 + 17*a - 13. Let f(n) = -4*n**2 + 4*n - 3. Let c(y) = -9*f(y) + 2*s(y). Let l be 4/6*6/4. Calculate c(l).
3
Let c be 5*(2 - 56/20) - 5. Let i(p) = p**3 + 10*p**2 + 11*p + 13. Determine i(c).
-5
Let z(d) be the third derivative of d**6/120 + d**5/10 - d**4/24 + d**3/6 + 17*d**2. Calculate z(-6).
7
Let x(u) = -6*u**3 + 14*u**2 - 1. Let b(q) = -7*q**3 + 15*q**2. Let a(w) = -5*b(w) + 6*x(w). Determine a(9).
-6
Let y = -3 - -7. Let u(d) = -y*d**2 - 2*d**2 + d**2 - 2 + 0*d**3 - d**3. Calculate u(-5).
-2
Let u(c) = -c**3 - 3*c**2 + 46*c + 2*c**3 - 45*c. What is u(2)?
-2
Suppose y - 2 = -6. Let q be 1 + 0 + -1 - -2. Let x(j) = j - 6*j + j**2 - 2*j**q. Calculate x(y).
4
Suppose 0 = -h - 2 + 10. Let s = h - 2. Let p(a) = a**2 - 6*a - 6. What is p(s)?
-6
Let x(n) = n + 6. Suppose 7*o + 8 = 3*o, -o - 2 = -3*t. Give x(t).
6
Let q be 38/14 - 8/(-28). Suppose -4*d - 7*r + 2*r = -47, 4*d - r = 29. Let m(j) = 1 - j + j**q - j**2 + 1 - d. Determine m(0).
-6
Suppose 0 = -3*d - 1 + 7. Let z(g) = -3*g**d + 10 - 9 + 4*g**2 - g. Suppose l = -3*l - 8. Calculate z(l).
7
Suppose 3*m = -3*n - 18, -2*n = 3*m - 8*m + 5. Let o(g) = 1. Let l(v) = -v + 2. Let h(z) = 2*l(z) - 3*o(z). Give h(m).
3
Suppose r - 3*r + 13 = -5*m, -2*m = -5*r - 20. Let t(x) = -x - 9. Calculate t(r).
-3
Let d(t) = -2*t**2 + 5 - 27*t + 3*t**2 + 0*t**2 + 19*t. What is d(6)?
-7
Let k(h) = h**2 - 5*h + 1. Suppose -11 = -0*j - j + 2*n, 2*j - 5*n - 26 = 0. Suppose 4*l - j*a - 13 = 0, -a = 3*a - 4. Determine k(l).
-3
Let a be (-9)/15*(-25)/5. Let u(r) = -r**2 + r + 4. Give u(a).
-2
Let o(r) be the first derivative of 2*r**3 + r + 8. Give o(1).
7
Let o be 1 - -3*(-2)/6. Suppose o = 3*i - i - 4. Let y(l) = -3*l**2 + l. Calculate y(i).
-10
Suppose 0 = 3*s + 4*v + 2, 0 = -5*s + 5*v - 33 - 17. Let x(o) = o**2 + 6*o - 4. Calculate x(s).
-4
Let f(d) be the second derivative of -d**5/20 - d**4/4 - d**3/3 + d**2/2 + 3*d. Let r = -6 - -3. Give f(r).
7
Let q be 4/((1 - 0)*2). Let b = -1 + 4. Let m(